{"id":39,"date":"2018-07-17T20:50:54","date_gmt":"2018-07-17T20:50:54","guid":{"rendered":"http:\/\/induaire.cl\/?page_id=39"},"modified":"2025-05-11T03:45:17","modified_gmt":"2025-05-11T03:45:17","slug":"filtros-de-mangas","status":"publish","type":"page","link":"https:\/\/induaire.cl\/index.php\/productos\/filtros-de-mangas\/","title":{"rendered":"Filtros de Mangas"},"content":{"rendered":"<p>Los Colectores de Polvo tipo Filtros de mangas dise\u00f1ados y fabricados por Induaire, est\u00e1n especialmente enfocados para sistemas de captaci\u00f3n madera, papel, productos qu\u00edmicos, minerales, etc.<\/p>\n<p>El dise\u00f1o de los colectores de polvo considera un trabajo continuo, por lo que su construcci\u00f3n robusta y s\u00f3lida, permite su instalaci\u00f3n en diferentes condiciones de trabajo. Cuenta con un sistema de limpieza \u201cJet Pulse\u201d que inyecta aire comprimido en contra corriente a trav\u00e9s de las mangas filtrantes mediante un diferencial de presi\u00f3n entre las c\u00e1maras de aire limpia y la c\u00e1mara de aire sucia, permitiendo el desprendimiento del polvo acumulado en ellas.<\/p>\n<ul>\n<li>Filtro de construcci\u00f3n modular.<\/li>\n<li>Alta eficiencia para la retenci\u00f3n de particulado.<\/li>\n<li>Baja mantenci\u00f3n.<\/li>\n<\/ul>\n<p><img loading=\"lazy\" decoding=\"async\" class=\"alignnone size-medium wp-image-40\" src=\"https:\/\/induaire.cl\/wp-content\/uploads\/2018\/07\/filtro-de-manga-2-240x300.jpg\" alt=\"\" width=\"240\" height=\"300\" srcset=\"https:\/\/induaire.cl\/wp-content\/uploads\/2018\/07\/filtro-de-manga-2-240x300.jpg 240w, https:\/\/induaire.cl\/wp-content\/uploads\/2018\/07\/filtro-de-manga-2.jpg 289w\" sizes=\"auto, (max-width: 240px) 100vw, 240px\" \/> <img loading=\"lazy\" decoding=\"async\" class=\"alignnone size-medium wp-image-41\" src=\"https:\/\/induaire.cl\/wp-content\/uploads\/2018\/07\/filtro-de-manga-3-225x300.jpg\" alt=\"\" width=\"225\" height=\"300\" srcset=\"https:\/\/induaire.cl\/wp-content\/uploads\/2018\/07\/filtro-de-manga-3-225x300.jpg 225w, https:\/\/induaire.cl\/wp-content\/uploads\/2018\/07\/filtro-de-manga-3.jpg 270w\" sizes=\"auto, (max-width: 225px) 100vw, 225px\" \/> <img loading=\"lazy\" decoding=\"async\" class=\"size-medium wp-image-42 alignnone\" src=\"https:\/\/induaire.cl\/wp-content\/uploads\/2018\/07\/filtro-de-manga1-252x300.jpg\" alt=\"\" width=\"252\" height=\"300\" srcset=\"https:\/\/induaire.cl\/wp-content\/uploads\/2018\/07\/filtro-de-manga1-252x300.jpg 252w, https:\/\/induaire.cl\/wp-content\/uploads\/2018\/07\/filtro-de-manga1.jpg 301w\" sizes=\"auto, (max-width: 252px) 100vw, 252px\" \/><\/p>\n","protected":false},"excerpt":{"rendered":"<p>Los Colectores de Polvo tipo Filtros de mangas dise\u00f1ados y fabricados por Induaire, est\u00e1n especialmente enfocados para sistemas de captaci\u00f3n madera, papel, productos qu\u00edmicos, minerales, etc. El dise\u00f1o de los colectores de polvo considera un trabajo continuo, por lo que su construcci\u00f3n robusta y s\u00f3lida, permite su instalaci\u00f3n en diferentes condiciones de trabajo. Cuenta con [&hellip;]<\/p>\n","protected":false},"author":1,"featured_media":0,"parent":8,"menu_order":0,"comment_status":"closed","ping_status":"closed","template":"","meta":{"_themeisle_gutenberg_block_has_review":false,"footnotes":""},"class_list":["post-39","page","type-page","status-publish","hentry"],"yoast_head":"<!-- This site is optimized with the Yoast SEO plugin v25.4 - https:\/\/yoast.com\/wordpress\/plugins\/seo\/ -->\n<title>Filtros de Mangas - Induaire.cl<\/title>\n<meta name=\"robots\" content=\"index, follow, max-snippet:-1, max-image-preview:large, max-video-preview:-1\" \/>\n<link rel=\"canonical\" href=\"https:\/\/induaire.cl\/index.php\/productos\/filtros-de-mangas\/\" \/>\n<meta property=\"og:locale\" content=\"es_ES\" \/>\n<meta property=\"og:type\" content=\"article\" \/>\n<meta property=\"og:title\" content=\"Filtros de Mangas - Induaire.cl\" \/>\n<meta property=\"og:description\" content=\"Los Colectores de Polvo tipo Filtros de mangas dise\u00f1ados y fabricados por Induaire, est\u00e1n especialmente enfocados para sistemas de captaci\u00f3n madera, papel, productos qu\u00edmicos, minerales, etc. El dise\u00f1o de los colectores de polvo considera un trabajo continuo, por lo que su construcci\u00f3n robusta y s\u00f3lida, permite su instalaci\u00f3n en diferentes condiciones de trabajo. Cuenta con [&hellip;]\" \/>\n<meta property=\"og:url\" content=\"https:\/\/induaire.cl\/index.php\/productos\/filtros-de-mangas\/\" \/>\n<meta property=\"og:site_name\" content=\"Induaire.cl\" \/>\n<meta property=\"article:modified_time\" content=\"2025-05-11T03:45:17+00:00\" \/>\n<meta property=\"og:image\" content=\"http:\/\/induaire.cl\/wp-content\/uploads\/2018\/07\/filtro-de-manga-2-240x300.jpg\" \/>\n<meta name=\"twitter:card\" content=\"summary_large_image\" \/>\n<meta name=\"twitter:label1\" content=\"Tiempo estimado de lectura\" \/>\n\t<meta name=\"twitter:data1\" content=\"1 minuto\" \/>\n<script type=\"application\/ld+json\" class=\"yoast-schema-graph\">{\"@context\":\"https:\/\/schema.org\",\"@graph\":[{\"@type\":\"WebPage\",\"@id\":\"https:\/\/induaire.cl\/index.php\/productos\/filtros-de-mangas\/\",\"url\":\"https:\/\/induaire.cl\/index.php\/productos\/filtros-de-mangas\/\",\"name\":\"Filtros de Mangas - Induaire.cl\",\"isPartOf\":{\"@id\":\"https:\/\/induaire.cl\/#website\"},\"primaryImageOfPage\":{\"@id\":\"https:\/\/induaire.cl\/index.php\/productos\/filtros-de-mangas\/#primaryimage\"},\"image\":{\"@id\":\"https:\/\/induaire.cl\/index.php\/productos\/filtros-de-mangas\/#primaryimage\"},\"thumbnailUrl\":\"http:\/\/induaire.cl\/wp-content\/uploads\/2018\/07\/filtro-de-manga-2-240x300.jpg\",\"datePublished\":\"2018-07-17T20:50:54+00:00\",\"dateModified\":\"2025-05-11T03:45:17+00:00\",\"breadcrumb\":{\"@id\":\"https:\/\/induaire.cl\/index.php\/productos\/filtros-de-mangas\/#breadcrumb\"},\"inLanguage\":\"es-CL\",\"potentialAction\":[{\"@type\":\"ReadAction\",\"target\":[\"https:\/\/induaire.cl\/index.php\/productos\/filtros-de-mangas\/\"]}]},{\"@type\":\"ImageObject\",\"inLanguage\":\"es-CL\",\"@id\":\"https:\/\/induaire.cl\/index.php\/productos\/filtros-de-mangas\/#primaryimage\",\"url\":\"http:\/\/induaire.cl\/wp-content\/uploads\/2018\/07\/filtro-de-manga-2-240x300.jpg\",\"contentUrl\":\"http:\/\/induaire.cl\/wp-content\/uploads\/2018\/07\/filtro-de-manga-2-240x300.jpg\"},{\"@type\":\"BreadcrumbList\",\"@id\":\"https:\/\/induaire.cl\/index.php\/productos\/filtros-de-mangas\/#breadcrumb\",\"itemListElement\":[{\"@type\":\"ListItem\",\"position\":1,\"name\":\"Portada\",\"item\":\"https:\/\/induaire.cl\/\"},{\"@type\":\"ListItem\",\"position\":2,\"name\":\"Productos\",\"item\":\"https:\/\/induaire.cl\/index.php\/productos\/\"},{\"@type\":\"ListItem\",\"position\":3,\"name\":\"Filtros de Mangas\"}]},{\"@type\":\"WebSite\",\"@id\":\"https:\/\/induaire.cl\/#website\",\"url\":\"https:\/\/induaire.cl\/\",\"name\":\"Induaire.cl\",\"description\":\"Induaire.cl proyecta, fabrica e instala sistemas para aspiraci\u00f3n, retenci\u00f3n y depuraci\u00f3n de poluci\u00f3n\",\"publisher\":{\"@id\":\"https:\/\/induaire.cl\/#organization\"},\"potentialAction\":[{\"@type\":\"SearchAction\",\"target\":{\"@type\":\"EntryPoint\",\"urlTemplate\":\"https:\/\/induaire.cl\/?s={search_term_string}\"},\"query-input\":{\"@type\":\"PropertyValueSpecification\",\"valueRequired\":true,\"valueName\":\"search_term_string\"}}],\"inLanguage\":\"es-CL\"},{\"@type\":\"Organization\",\"@id\":\"https:\/\/induaire.cl\/#organization\",\"name\":\"Induaire\",\"url\":\"https:\/\/induaire.cl\/\",\"logo\":{\"@type\":\"ImageObject\",\"inLanguage\":\"es-CL\",\"@id\":\"https:\/\/induaire.cl\/#\/schema\/logo\/image\/\",\"url\":\"https:\/\/induaire.cl\/wp-content\/uploads\/2025\/05\/Logo-Induaire-2020-5-scaled.png\",\"contentUrl\":\"https:\/\/induaire.cl\/wp-content\/uploads\/2025\/05\/Logo-Induaire-2020-5-scaled.png\",\"width\":2560,\"height\":975,\"caption\":\"Induaire\"},\"image\":{\"@id\":\"https:\/\/induaire.cl\/#\/schema\/logo\/image\/\"}}]}<\/script>\n<!-- \/ Yoast SEO plugin. -->","yoast_head_json":{"title":"Filtros de Mangas - Induaire.cl","robots":{"index":"index","follow":"follow","max-snippet":"max-snippet:-1","max-image-preview":"max-image-preview:large","max-video-preview":"max-video-preview:-1"},"canonical":"https:\/\/induaire.cl\/index.php\/productos\/filtros-de-mangas\/","og_locale":"es_ES","og_type":"article","og_title":"Filtros de Mangas - Induaire.cl","og_description":"Los Colectores de Polvo tipo Filtros de mangas dise\u00f1ados y fabricados por Induaire, est\u00e1n especialmente enfocados para sistemas de captaci\u00f3n madera, papel, productos qu\u00edmicos, minerales, etc. El dise\u00f1o de los colectores de polvo considera un trabajo continuo, por lo que su construcci\u00f3n robusta y s\u00f3lida, permite su instalaci\u00f3n en diferentes condiciones de trabajo. Cuenta con [&hellip;]","og_url":"https:\/\/induaire.cl\/index.php\/productos\/filtros-de-mangas\/","og_site_name":"Induaire.cl","article_modified_time":"2025-05-11T03:45:17+00:00","og_image":[{"url":"http:\/\/induaire.cl\/wp-content\/uploads\/2018\/07\/filtro-de-manga-2-240x300.jpg","type":"","width":"","height":""}],"twitter_card":"summary_large_image","twitter_misc":{"Tiempo estimado de lectura":"1 minuto"},"schema":{"@context":"https:\/\/schema.org","@graph":[{"@type":"WebPage","@id":"https:\/\/induaire.cl\/index.php\/productos\/filtros-de-mangas\/","url":"https:\/\/induaire.cl\/index.php\/productos\/filtros-de-mangas\/","name":"Filtros de Mangas - Induaire.cl","isPartOf":{"@id":"https:\/\/induaire.cl\/#website"},"primaryImageOfPage":{"@id":"https:\/\/induaire.cl\/index.php\/productos\/filtros-de-mangas\/#primaryimage"},"image":{"@id":"https:\/\/induaire.cl\/index.php\/productos\/filtros-de-mangas\/#primaryimage"},"thumbnailUrl":"http:\/\/induaire.cl\/wp-content\/uploads\/2018\/07\/filtro-de-manga-2-240x300.jpg","datePublished":"2018-07-17T20:50:54+00:00","dateModified":"2025-05-11T03:45:17+00:00","breadcrumb":{"@id":"https:\/\/induaire.cl\/index.php\/productos\/filtros-de-mangas\/#breadcrumb"},"inLanguage":"es-CL","potentialAction":[{"@type":"ReadAction","target":["https:\/\/induaire.cl\/index.php\/productos\/filtros-de-mangas\/"]}]},{"@type":"ImageObject","inLanguage":"es-CL","@id":"https:\/\/induaire.cl\/index.php\/productos\/filtros-de-mangas\/#primaryimage","url":"http:\/\/induaire.cl\/wp-content\/uploads\/2018\/07\/filtro-de-manga-2-240x300.jpg","contentUrl":"http:\/\/induaire.cl\/wp-content\/uploads\/2018\/07\/filtro-de-manga-2-240x300.jpg"},{"@type":"BreadcrumbList","@id":"https:\/\/induaire.cl\/index.php\/productos\/filtros-de-mangas\/#breadcrumb","itemListElement":[{"@type":"ListItem","position":1,"name":"Portada","item":"https:\/\/induaire.cl\/"},{"@type":"ListItem","position":2,"name":"Productos","item":"https:\/\/induaire.cl\/index.php\/productos\/"},{"@type":"ListItem","position":3,"name":"Filtros de Mangas"}]},{"@type":"WebSite","@id":"https:\/\/induaire.cl\/#website","url":"https:\/\/induaire.cl\/","name":"Induaire.cl","description":"Induaire.cl proyecta, fabrica e instala sistemas para aspiraci\u00f3n, retenci\u00f3n y depuraci\u00f3n de poluci\u00f3n","publisher":{"@id":"https:\/\/induaire.cl\/#organization"},"potentialAction":[{"@type":"SearchAction","target":{"@type":"EntryPoint","urlTemplate":"https:\/\/induaire.cl\/?s={search_term_string}"},"query-input":{"@type":"PropertyValueSpecification","valueRequired":true,"valueName":"search_term_string"}}],"inLanguage":"es-CL"},{"@type":"Organization","@id":"https:\/\/induaire.cl\/#organization","name":"Induaire","url":"https:\/\/induaire.cl\/","logo":{"@type":"ImageObject","inLanguage":"es-CL","@id":"https:\/\/induaire.cl\/#\/schema\/logo\/image\/","url":"https:\/\/induaire.cl\/wp-content\/uploads\/2025\/05\/Logo-Induaire-2020-5-scaled.png","contentUrl":"https:\/\/induaire.cl\/wp-content\/uploads\/2025\/05\/Logo-Induaire-2020-5-scaled.png","width":2560,"height":975,"caption":"Induaire"},"image":{"@id":"https:\/\/induaire.cl\/#\/schema\/logo\/image\/"}}]}},"_links":{"self":[{"href":"https:\/\/induaire.cl\/index.php\/wp-json\/wp\/v2\/pages\/39","targetHints":{"allow":["GET"]}}],"collection":[{"href":"https:\/\/induaire.cl\/index.php\/wp-json\/wp\/v2\/pages"}],"about":[{"href":"https:\/\/induaire.cl\/index.php\/wp-json\/wp\/v2\/types\/page"}],"author":[{"embeddable":true,"href":"https:\/\/induaire.cl\/index.php\/wp-json\/wp\/v2\/users\/1"}],"replies":[{"embeddable":true,"href":"https:\/\/induaire.cl\/index.php\/wp-json\/wp\/v2\/comments?post=39"}],"version-history":[{"count":3,"href":"https:\/\/induaire.cl\/index.php\/wp-json\/wp\/v2\/pages\/39\/revisions"}],"predecessor-version":[{"id":78,"href":"https:\/\/induaire.cl\/index.php\/wp-json\/wp\/v2\/pages\/39\/revisions\/78"}],"up":[{"embeddable":true,"href":"https:\/\/induaire.cl\/index.php\/wp-json\/wp\/v2\/pages\/8"}],"wp:attachment":[{"href":"https:\/\/induaire.cl\/index.php\/wp-json\/wp\/v2\/media?parent=39"}],"curies":[{"name":"wp","href":"https:\/\/api.w.org\/{rel}","templated":true}]}}